r when 26 is divided by z(-1).
2
Calculate the remainder when 296/20 - (-1)/5 is divided by 9.
6
Let h = 80 - 29. Suppose 5*k = 18 + 27. What is the remainder when h is divided by k?
6
Let y = 53 + -31. Calculate the remainder when y is divided by 12.
10
Let b(y) = y**2 + y - 1. Let k(f) = 2*f**2 - 19. Let n(d) = b(d) - k(d). Let a be n(0). Calculate the remainder when 29 is divided by a*(-6)/(-9) - 2.
9
Let y(i) = i + 77. Calculate the remainder when y(-23) is divided by 7.
5
Let q(j) = -j**2 + 12*j - 14. What is the remainder when (8/(-20))/(2/(-50)) is divided by q(10)?
4
Suppose -2*b + 26 + 2 = 0. Calculate the remainder when b is divided by 6.
2
Suppose -2*i = 2 - 18. Let a = 28 - 20. What is the remainder when i + -8 - 3*-7 is divided by a?
5
Let p(g) = -2*g**3 + g**2 + g + 30. Suppose -5*j = -t + 2*t + 4, 5*j + 15 = 0. What is the remainder when p(0) is divided by t?
8
Let g(j) = -66*j**3 + 3*j**2 + 4*j + 2. Calculate the remainder when g(-1) is divided by 23.
21
Let q = -1 + 2. Let g be 14 - (3 + q/(-1)). Suppose 2*x = -0*m - 5*m + 39, 0 = -2*m - 2*x + g. Calculate the remainder when m is divided by 5.
4
Let m(v) = 3*v**3 + v**2 - 4*v - 4. Let b(i) = -i - 1. Let r(n) = 4*b(n) - m(n). Let c be r(-1). Calculate the remainder when 18 is divided by 12 - -4*(-1)/c.
8
Calculate the remainder when 47 is divided by (-38)/57 - (-64)/6.
7
Let w = -101 + 154. Calculate the remainder when w is divided by 18.
17
Let h(i) = 2*i**2 + 2*i + 2. Let b be h(-1). Suppose b*c + 130 = 7*c. What is the remainder when c is divided by 9?
8
Suppose -4*c - 3*g = -329, 9*c - 4*c - 440 = 2*g. Calculate the remainder when c is divided by (4 - 37)/(2/((-16)/12)).
20
Let q(u) = u**2 - 2*u - 3. Let r be q(-2). Suppose -g + 3*t + 6 = 2*g, r*t = -5*g + 50. Let s = -1 - -11. What is the remainder when s is divided by g?
4
Let o(a) = 4*a**2 - a + 1. Let y be o(2). Suppose w + i = 6, 4*i = -w + y - 3. What is the remainder when 6 is divided by w?
2
Let l(o) = o**3 - o. Let u be l(0). Suppose 5*w + z - 105 = 0, -5*w = -z - u*z - 105. Calculate the remainder when 41 is divided by w.
20
Let f = -2 - -5. Suppose 0 = 3*h - 7*h + 20. What is the remainder when h is divided by f?
2
Let k(o) = o - 5. Let a be k(11). Calculate the remainder when ((-2)/a)/(3/(-207)) is divided by 13 - (2 + -3 + 2).
11
Let j = 23 + -32. Let h = 0 + j. Let r(w) = -w - 5. What is the remainder when 10 is divided by r(h)?
2
Suppose 5*y = y - 36. Let a = 23 + y. Calculate the remainder when 53 is divided by a.
11
Let v = 20 + -13. Suppose 2*y + 75 = v*y. Calculate the remainder when 57 is divided by y.
12
Suppose 10 = 2*x - 8. What is the remainder when 42 is divided by x?
6
Suppose -v + 505 = 2*v + 2*j, 3*j = 5*v - 810. Calculate the remainder when v is divided by 28.
25
Calculate the remainder when 93 is divided by -6*(224/(-6))/7.
29
Suppose -q - x - 4 = -8, -4*q = 5*x - 16. Suppose q*n + 197 = 5*m, -m = -4*n - n - 52. Calculate the remainder when m is divided by 19.
18
Let h be 42/10 + (-2)/10. Let g = h + -2. Suppose -3*p = -4*v - 88, -g = 3*v - 8. Calculate the remainder when p is divided by 11.
10
Let i be 5 + 1*(2 - 3). Suppose 0 = 4*f - w - 31, i*f + 5*w - 18 = -5. Suppose -x + 6 + f = 0. Calculate the remainder when 25 is divided by x.
12
Suppose -b - 3*b = -432. Suppose -b + 18 = -5*f. Calculate the remainder when f is divided by 10.
8
Let d = -9 + 15. Let w be (-9)/(-15)*(4 + 1). What is the remainder when w*(7 + 2 - 2) is divided by d?
3
Suppose 3*x = -2*x + 15. Suppose -11 = -7*f + 17. Calculate the remainder when f is divided by x.
1
Let a = -126 - -143. Suppose -2*y - y - g = -2, -y + 2*g + 10 = 0. What is the remainder when y*7/(-4)*-14 is divided by a?
15
Calculate the remainder when -1*(-2)/(-3)*10506/(-68) is divided by 26.
25
Let n(s) = 0 + 1 - s + 2. Let o be n(-5). Suppose -2*p - o = -4*p. What is the remainder when p is divided by 2?
0
Suppose -5*p + 0*p = -255. Suppose 0 = -4*y + p + 5. What is the remainder when 39 is divided by y?
11
Let u(k) = k**3 + 13*k**2 + 2*k + 5. Let a(n) = n**2 + 1. Let t(g) = -6*a(g) + u(g). Let v = -3 + 13. Calculate the remainder when t(-3) is divided by v.
9
Calculate the remainder when ((-4)/4)/(1/(-60)) is divided by 26.
8
Suppose 3*a - 51 = -a - q, q + 61 = 4*a. What is the remainder when 54 is divided by a?
12
Let r(j) = j**2 + 6*j + 3. Let u be r(-6). Let x(b) = 2*b**2 - 3. Calculate the remainder when x(u) is divided by 4.
3
Let q(m) = m + 10. Let j be q(0). Calculate the remainder when (-8)/j + (-2290)/(-50) is divided by 12.
9
Let q = 326 + -199. Calculate the remainder when q is divided by 32.
31
Suppose 2*t + 4*y = 30, 3 = 5*t - 3*t - 5*y. What is the remainder when (5/2)/(2/12) is divided by t?
6
Let o be (-4 + 4)/(-1 + 3). Suppose -b = -3*c - 4 + 13, 0 = -b - 5*c + 31. What is the remainder when o/(-3) + -3 - -14 is divided by b?
5
Suppose 87 - 9 = 3*c. What is the remainder when 50 is divided by c?
24
Let z(y) = -6*y + 1. Calculate the remainder when 73 is divided by z(-3).
16
Let j(o) = -o**2 - o - 5. Let u(p) = p**2 + p + 1. Let k(v) = j(v) + 5*u(v). Calculate the remainder when k(-4) is divided by 17.
14
Let j be (1 + 0)*(-1 - 2). Let p(o) = -2*o**3 - 4*o**2 - 3*o - 4. Calculate the remainder when p(j) is divided by 8.
7
Suppose o = u - 3*u + 15, -4*u = -4. What is the remainder when 49 is divided by o?
10
Let h(g) = g**3 - 4*g**2 + 6*g. Let d be h(4). Suppose w = j + j + 12, w + 2*j = d. Let x = -5 + 39. What is the remainder when x is divided by w?
16
Suppose 0 = -2*b - 0*b, -24 = -4*x - 3*b. Calculate the remainder when 17 is divided by x.
5
Suppose -l = 4*j - 6*l - 118, -3*l = -j + 26. Calculate the remainder when 125 is divided by j.
29
Let y(n) = n**3 - 21*n**2 + 21*n - 12. What is the remainder when y(20) is divided by (-8)/(-3) + (-2)/(-6)?
2
What is the remainder when 56 is divided by (15/(-21) - -1) + 164/14?
8
Let c(q) = 31*q**3 - q**2 + 1. Let k(m) = m + 7. Let x be k(-6). Calculate the remainder when c(x) is divided by 11.
9
Let z = 6 - -27. Suppose 27*r + 48 = 31*r. What is the remainder when z is divided by r?
9
What is the remainder when -122*2/(-4) - 1 is divided by 21?
18
Suppose -3*z = 4*o - 53, -56 = -4*z - 2*o - 2. Let q be ((-1)/(-1))/2*4. Suppose -q*w + 8 = -0*w. What is the remainder when z is divided by w?
3
Let c = 3 + -2. Let p be -11 + (0 - -2)*1. Let z = p + 12. Calculate the remainder when z is divided by c.
0
Calculate the remainder when (30 + 0)*(3 + (-63)/35) is divided by 20.
16
Let w be 16/20*(-1 - 4). Calculate the remainder when 43 is divided by (-86)/w + 3/6.
21
Let t(q) = q - 2. Let c be t(2). Calculate the remainder when c + 4/(4/23) is divided by 6.
5
Let z = 0 - -1. What is the remainder when 34 is divided by 1/2*z*12?
4
Suppose -4*z - 3*w + 19 = 0, -4*w + 21 = 5*z - 3*w. What is the remainder when z is divided by 2?
0
Let z(o) = 28*o**2 + 2*o + 1. What is the remainder when z(-1) is divided by 7?
6
Let m = -6 - -22. Let j(i) = 19*i**2 + 4*i - 9. Let o(p) = -9*p**2 - 2*p + 4. Let z(u) = -2*j(u) - 5*o(u). What is the remainder when z(2) is divided by m?
14
Let v(a) = 3*a**2 + 2. Calculate the remainder when 27 is divided by v(2).
13
Suppose -y + 3*t = -2*y + 25, 4*y = 3*t + 70. Let m = 56 - y. What is the remainder when m is divided by 19?
18
What is the remainder when 6/(-4)*(-22)/3 is divided by 7?
4
Let t(y) = -y**2 + y + 18. What is the remainder when t(0) is divided by 7?
4
What is the remainder when 11*6 + 1 - 4 is divided by 22?
19
Suppose 5*i + 16 = -q, -4*i + 20 = 2*q - 7*i. Suppose -30 = -5*a + 2*h, q*a = -3*h + 77 - 30. What is the remainder when 30 is divided by a?
6
Let g be (76/(-6))/(2/6). Let j = 27 + g. What is the remainder when 20 is divided by j*((-3)/(-3) - 2)?
9
Let n(i) = 49*i**2 - 2*i + 1. Calculate the remainder when n(1) is divided by (2 + -1)/((15/(-3))/(-50)).
8
Let n be 2*1/(-2) - -3. Suppose -5*p = 5*x - 105, 4*p = n*x + 3*p - 42. What is the remainder when x is divided by 6?
3
Suppose 0 = -3*a + g + 2*g - 3, a + 5*g = 11. Suppose -a = v + m, 0 = 3*v + m - 5*m - 25. What is the remainder when v is divided by 3?
0
Calculate the remainder when (2 + 0)*57/1 is divided by 29.
27
Suppose z - 27 = -5*b, -z - 5*b = 2*z - 31. Suppose -z*v + 5*v + 4*w = 16, -4*v - w +